t is 11101011111111 (base 2) in base 13?
6b4a
Convert -10001111 (base 2) to base 16.
-8f
11027 (base 9) to base 11
5550
-132 (base 12) to base 13
-110
What is 632 (base 11) in base 2?
1011111001
54a (base 15) to base 7
3325
Convert -5630 (base 9) to base 12.
-24a6
Convert 2241 (base 5) to base 4.
11001
-267 (base 10) to base 15
-12c
Convert 401514 (base 6) to base 7.
160603
20431 (base 5) to base 16
556
Convert -321222 (base 7) to base 3.
-2211101020
Convert 2534 (base 12) to base 15.
13b1
What is 1111220 (base 3) in base 10?
1104
Convert 10056 (base 7) to base 13.
115b
What is -1230211 (base 4) in base 11?
-5248
Convert -120200 (base 4) to base 15.
-6e8
Convert -1674 (base 8) to base 15.
-43b
55205 (base 9) to base 15
acb2
What is 22548 (base 10) in base 13?
a356
-1000111001 (base 2) to base 16
-239
Convert 1200312 (base 5) to base 8.
52705
a1a (base 11) to base 6
5411
-13553 (base 7) to base 6
-25105
-38 (base 11) to base 12
-35
What is 10445 (base 7) in base 15?
ba5
What is -6a91 (base 12) in base 15?
-37e7
-110000001 (base 2) to base 10
-385
What is 1b8 (base 13) in base 8?
500
Convert c4b (base 13) to base 9.
2773
Convert 40b1 (base 13) to base 2.
10001011100100
Convert 4085 (base 9) to base 16.
bb1
Convert 2433 (base 6) to base 3.
211010
7126 (base 10) to base 5
212001
-865 (base 11) to base 12
-727
Convert 72 (base 16) to base 9.
136
10141 (base 5) to base 7
1646
What is 302012 (base 4) in base 16?
c86
What is 2976 (base 10) in base 8?
5640
-22521 (base 8) to base 6
-112121
Convert -22 (base 8) to base 14.
-14
Convert -201322 (base 4) to base 14.
-b10
101010 (base 4) to base 7
3120
What is 15361 (base 9) in base 14?
3b84
Convert -250 (base 10) to base 14.
-13c
431 (base 14) to base 7
2261
What is 1000100 (base 3) in base 13?
44a
Convert 1003323 (base 5) to base 15.
4b78
What is -1021120 (base 3) in base 14?
-4a9
Convert 1a5b (base 15) to base 8.
13117
-1e81 (base 16) to base 14
-2bbb
What is 11013 (base 6) in base 16?
5f1
What is 47a (base 12) in base 16?
29e
What is f6f (base 16) in base 3?
12102100
What is -1b94 (base 12) in base 9?
-4624
-103102 (base 5) to base 12
-205b
What is 2dd (base 15) in base 10?
658
What is -a3 (base 14) in base 16?
-8f
Convert -1100001000010 (base 2) to base 12.
-3716
Convert 11212 (base 3) to base 6.
335
Convert 2230 (base 10) to base 2.
100010110110
Convert -db (base 15) to base 16.
-ce
Convert -663 (base 12) to base 14.
-4b1
-1303 (base 5) to base 12
-14b
100011111 (base 2) to base 15
142
-d8 (base 14) to base 10
-190
-28b (base 16) to base 6
-3003
-a74e (base 16) to base 4
-22131032
What is -111100111000111 (base 2) in base 16?
-79c7
Convert 1120001 (base 3) to base 14.
5b1
What is 1519 (base 10) in base 6?
11011
120 (base 14) to base 7
440
What is -101010111000 (base 2) in base 11?
-2075
What is -142 (base 11) in base 5?
-1132
21849 (base 10) to base 12
10789
101000100 (base 2) to base 4
11010
Convert 32220 (base 4) to base 5.
12221
35d (base 15) to base 11
634
Convert -9a (base 16) to base 2.
-10011010
Convert -12132 (base 6) to base 15.
-7de
Convert 5314 (base 7) to base 10.
1873
-6c5 (base 13) to base 8
-2227
b515 (base 13) to base 10
25030
-13241 (base 12) to base 9
-40014
What is -41991 (base 10) in base 13?
-16161
Convert -1241042 (base 5) to base 11.
-17473
-3515 (base 13) to base 9
-11202
Convert -536 (base 7) to base 3.
-101002
What is 1001000100101001 (base 2) in base 6?
444013
Convert 18586 (base 9) to base 13.
5b26
What is 1022020 (base 3) in base 12?
673
-738 (base 9) to base 8
-1132
Convert -780 (base 16) to base 7.
-5412
-4322 (base 5) to base 7
-1466
What is -1101010000101 (base 2) in base 9?
-10273
What is 5536 (base 10) in base 5?
134121
-202100 (base 3) to base 6
-2313
Convert a944 (base 11) to base 13.
6764
Convert 135a0 (base 12) to base 7.
141006
Convert -21001 (base 3) to base 4.
-2332
What is 302312 (base 4) in base 2?
110010110110
-898 (base 10) to base 12
-62a
-112110 (base 4) to base 15
-653
What is 4545 (base 6) in base 11?
896
347 (base 13) to base 6
2342
989 (base 12) to base 7
4041
Convert -615 (base 7) to base 13.
-1a7
What is -1031003 (base 4) in base 2?
-1001101000011
Convert -3109 (base 13) to base 11.
-50a4
Convert -2000 (base 6) to base 13.
-273
30312302 (base 4) to base 6
1043442
-133a (base 14) to base 15
-1009
What is 5593 (base 16) in base 12?
10817
Convert 330a (base 14) to base 12.
513a
-11587 (base 11) to base 16
-4120
2664 (base 7) to base 10
1026
14234 (base 11) to base 9
30683
What is -31003 (base 4) in base 9?
-1127
What is -21126 (base 7) in base 8?
-12136
Convert -2b0 (base 12) to base 5.
-3140
What is -1104 (base 9) in base 12?
-57a
Convert -4c28 (base 15) to base 3.
-211021102
What is -14 (base 7) in base 11?
-10
Convert -14053 (base 6) to base 5.
-32233
Convert 8715 (base 9) to base 16.
190d
Convert -121210 (base 3) to base 10.
-453
What is -240 (base 10) in base 2?
-11110000
Convert -14233 (base 5) to base 11.
-995
10132130 (base 4) to base 8
43634
What is -1088 (base 9) in base 11?
-676
87 (base 9) to base 3
2221
410 (base 11) to base 4
13233
Convert -1010112100 (base 3) to base 4.
-11123301
2234 (base 13) to base 11
3651
10c9 (base 15) to base 7
13251
Convert 300000 (base 4) to base 15.
d9c
-10001110 (base 2) to base 6
-354
5b1b (base 13) to base 8
31104
Convert 249 (base 16) to base 7.
1464
What is 12221010 (base 3) in base 14?
180b
Convert 110110111 (base 2) to base 9.
537
What is 300 (base 6) in base 13?
84
Convert 200201 (base 3) to base 16.
1f9
What is -1143 (base 9) in base 15?
-3b9
-12a61 (base 11) to base 3
-221111011
0 (base 11) to base 8
0
-1740 (base 8) to base 2
-1111100000
What is -111001011001101 (base 2) in base 9?
-44274
What is 8356 (base 15) in base 12?
14090
-1658 (base 16) to base 14
-2128
Convert 5677 (base 8) to base 15.
d57
-1011011001101011 (base 2) to base 13
-18343
What is -21631 (base 8) in base 4?
-2032121
What is 2021021 (base 3) in base 16?
676
Convert 4bc (base 13) to base 2.
1100111111
277 (base 13) to base 4
12310
What is -6525 (base 7) in base 8?
-4422
-311 (base 14) to base 10
-603
What is -2bd1 (base 16) in base 2?
-10101111010001
3033 (base 12) to base 4
1101213
What is -115 (base 9) in base 10?
-95
-12031 (base 4) to base 15
-1b7
-6c8 (base 13) to base 2
-10010011010
What is 4276 (base 15) in base 3?
201021210
5704 (base 12) to base 14
3736
Convert -261 (base 11) to base 4.
-10311
What is 3a55 (base 12) in base 11?
5031
-544 (base 6) to base 2
-11010000
Convert -413 (base 13) to base 8.
-1264
Convert 391 (base 10) to base 16.
187
What is -110110111 (base 2) in base 9?
-537
What is 1420 (base 6) in base 14?
1c8
Convert 777 (base 12) to base 13.
667
-40440 (base 6) to base 5
-132402
61504 (base 8) to base 16
6344
-399 (base 16) to base 10
-921
-1152 (base 8) to base 16
-26a
What is 412 (base 13) in base 6?
3111
2d06 (base 14) to base 4
1331222
Convert 712 (base 10) to base 9.
871
Convert 3654 (base 11) to base 3.
20112222
-2334 (base 7) to base 10
-858
Convert -251 (base 15) to base 2.
-1000001110
What is 140303 (base 5) in base 16?
1647
-253 (base 9) to base 4
-3102
Convert 1645 (base 9) to base 8.
2350
Convert -14752 (base 8) to base 2.
-1100111101010
What is -37173 (base 9) in base 8?
-60545
-3562 (base 12) to base 9
-8172
What is -9038 (base 12) in base 11?
-10799
What is 3983 (base 10) in base 4?
332033
Convert -100000110 (base 2) to base 14.
-14a
What is -4601 (base 11) in base 14?
-22c3
Convert -1506 (base 10) to base 3.
-2001210
What is -10011200210 (base 3) in base 13?
-22587
2520 (base 6) to base 9
763
What is -8a91 (base 13) in base 11?
-13622
Convert -8426 (base 9) to base 12.
-36b0
What is 2e6 (base 16) in base 3?
1000111
Convert -2113 (base 5) to base 14.
-163
Convert 2331 (base 9) to base 7.
5020
Convert -156 (base 7) to base 6.
-230
What is -7e6 (base 15) in base 12?
-1053
-1255 (base 6) to base 9
-388
What is 1240 (base 7) in base 10?
469
Convert 444 (base 10) to base 2.
110111100
-1710 (base 9) to base 15
-5c0
Convert 22c (base 13) to base 6.
1424
3438 (base 12) to base 2
1011010101100
2252 (base 6) to base 9
655
Convert -20102 (base 3) to base 15.
-b8
Convert 16766 (base 10) to base 9.
24888
What is -40300 (base 6) in base 14?
-1d00
Convert 110210 (base 5) to base 10.
3805
-b27 (base 13) 